7?
-1035
Convert -34 (base 13) to base 8.
-53
3033132 (base 4) to base 11
9a81
1184 (base 14) to base 11
2329
97c (base 15) to base 8
4136
Convert 1241140 (base 5) to base 11.
17494
Convert -12ba (base 13) to base 9.
-3616
What is 1ef (base 16) in base 8?
757
What is 20202 (base 3) in base 5?
1212
What is -2011122 (base 3) in base 2?
-11000101111
What is 1064 (base 8) in base 5?
4224
Convert 32a4 (base 11) to base 10.
4349
What is -cad (base 15) in base 5?
-42423
Convert 701 (base 8) to base 3.
121122
What is -356213 (base 7) in base 15?
-14212
What is 215 (base 13) in base 16?
164
What is 342120 (base 5) in base 13?
56c5
What is 10020101 (base 4) in base 5?
1020123
What is -c222 (base 14) in base 13?
-12245
Convert -525 (base 14) to base 10.
-1013
What is -161 (base 16) in base 14?
-1b3
Convert -11f (base 16) to base 7.
-560
-2893 (base 10) to base 8
-5515
-1237 (base 8) to base 7
-1646
Convert -6653 (base 7) to base 15.
-a95
30333303 (base 4) to base 8
147763
Convert 24020 (base 6) to base 9.
4673
What is -1012330 (base 4) in base 13?
-20b3
Convert 635 (base 12) to base 9.
1215
What is 21361 (base 8) in base 15?
29b5
Convert 68 (base 12) to base 4.
1100
What is 10121011 (base 3) in base 2?
101000111111
-110000 (base 3) to base 15
-169
-18967 (base 15) to base 10
-79747
-563 (base 8) to base 5
-2441
What is 23222 (base 4) in base 3?
1000122
Convert -2496 (base 12) to base 10.
-4146
What is 37554 (base 9) in base 14?
92ac
Convert 255103 (base 6) to base 14.
8619
444 (base 12) to base 7
1555
What is -3217 (base 10) in base 12?
-1a41
Convert -1117 (base 11) to base 12.
-a26
What is 15331 (base 8) in base 2?
1101011011001
1213 (base 7) to base 8
703
What is 5361 (base 14) in base 8?
34071
What is -ad (base 14) in base 9?
-180
Convert -3ad (base 15) to base 12.
-59a
What is 558 (base 15) in base 11?
9a9
Convert 7484 (base 10) to base 5.
214414
1224 (base 6) to base 5
2204
Convert -5922 (base 11) to base 13.
-36c7
6338 (base 10) to base 9
8622
254a (base 11) to base 4
303321
What is 3711 (base 8) in base 15?
8cd
49ba (base 13) to base 8
24336
-3190 (base 12) to base 15
-1926
Convert 10590 (base 15) to base 3.
2122011200
Convert 343 (base 15) to base 9.
1010
2211 (base 6) to base 4
13333
What is 1023 (base 8) in base 16?
213
What is 22002120 (base 3) in base 11?
4485
What is -233032 (base 4) in base 7?
-11545
Convert 134131 (base 6) to base 15.
3add
Convert -3304 (base 15) to base 13.
-4bc1
413265 (base 7) to base 12
34b83
-212101 (base 3) to base 16
-277
Convert 4035 (base 7) to base 12.
986
What is -13120 (base 4) in base 5?
-3342
What is 2132 (base 14) in base 3?
21212011
Convert -9813 (base 10) to base 14.
-380d
What is 120021 (base 3) in base 5?
3122
Convert 11185 (base 13) to base 7.
156325
-27717 (base 8) to base 12
-70bb
-111011110011 (base 2) to base 15
-1202
What is a22 (base 13) in base 3?
2100122
-2202122 (base 4) to base 5
-313034
11f (base 16) to base 3
101122
What is 5107 (base 8) in base 2?
101001000111
Convert -1d9 (base 16) to base 13.
-2a5
4540 (base 7) to base 2
11001101101
-11011111000 (base 2) to base 4
-123320
What is 6125 (base 8) in base 10?
3157
Convert 259 (base 16) to base 4.
21121
What is -20011 (base 3) in base 10?
-166
Convert -8173 (base 9) to base 4.
-1131123
Convert -465 (base 13) to base 14.
-3c3
-893a (base 12) to base 7
-62134
What is bd (base 15) in base 3?
20121
Convert -71622 (base 10) to base 9.
-118220
Convert -10 (base 14) to base 15.
-e
-20328 (base 12) to base 6
-522052
-12310020 (base 4) to base 16
-6d08
-323 (base 10) to base 14
-191
64525 (base 7) to base 6
202134
Convert -27002 (base 8) to base 10.
-11778
Convert 512 (base 8) to base 9.
406
Convert 103301 (base 8) to base 4.
20123001
-a91 (base 16) to base 5
-41310
-102322 (base 5) to base 10
-3462
What is 378 (base 10) in base 15?
1a3
-220014 (base 5) to base 3
-101022010
What is 7044 (base 15) in base 5?
1224224
-102032 (base 4) to base 12
-812
What is -1110001 (base 3) in base 8?
-2036
-111001222 (base 3) to base 10
-9530
Convert -29899 (base 10) to base 9.
-45011
What is 21760 (base 10) in base 16?
5500
1363 (base 12) to base 10
2235
What is -14274 (base 11) in base 10?
-20288
299 (base 15) to base 13
369
Convert -52 (base 7) to base 11.
-34
What is 559 (base 16) in base 7?
3664
1130 (base 7) to base 3
120022
What is -48b8 (base 12) in base 4?
-2000030
Convert -10001220120 (base 3) to base 14.
-18053
-101140 (base 9) to base 6
-1141143
-61a (base 15) to base 9
-1787
-7037 (base 14) to base 10
-19257
-21933 (base 11) to base 7
-161350
Convert -100011011101000 (base 2) to base 10.
-18152
-110010010 (base 2) to base 14
-20a
Convert 1765 (base 8) to base 2.
1111110101
-2216 (base 9) to base 10
-1635
4310 (base 5) to base 4
21010
Convert 1180 (base 12) to base 16.
7b0
What is -104145 (base 6) in base 2?
-10001000000001
Convert 1341 (base 5) to base 12.
165
What is 1333134 (base 6) in base 13?
27c3a
-110001101 (base 2) to base 10
-397
What is 4460 (base 9) in base 2?
110011011110
2535 (base 6) to base 11
528
What is 3030 (base 4) in base 8?
314
What is -2a (base 13) in base 5?
-121
What is 10002120 (base 3) in base 8?
4320
22b (base 12) to base 5
2243
-15662 (base 7) to base 2
-1000101100110
114401 (base 5) to base 12
2627
Convert -243 (base 13) to base 16.
-189
5fd (base 16) to base 6
11033
Convert -2371 (base 8) to base 5.
-20043
Convert 220432 (base 5) to base 16.
1dc1
What is 12507 (base 10) in base 13?
5901
-131204 (base 6) to base 2
-10111010110100
What is -2001103 (base 4) in base 5?
-231100
What is -b016 (base 14) in base 16?
-75fc
What is -12021 (base 5) in base 8?
-1566
Convert -9851 (base 12) to base 16.
-417d
-c227 (base 15) to base 8
-120033
Convert -5951 (base 10) to base 9.
-8142
Convert 240445 (base 6) to base 3.
1001200102
-1f2 (base 16) to base 8
-762
Convert -14110 (base 5) to base 16.
-483
What is 2202 (base 5) in base 16?
12e
a10 (base 13) to base 7
4652
15c (base 16) to base 10
348
What is -c36 (base 16) in base 4?
-300312
-441 (base 7) to base 16
-e1
What is -2457 (base 13) in base 14?
-1c34
-2d (base 14) to base 7
-56
Convert -14ad (base 16) to base 13.
-2542
What is 55e (base 15) in base 13?
725
What is -5862 (base 13) in base 12?
-7229
Convert -d92b (base 14) to base 9.
-56358
Convert -5828 (base 10) to base 6.
-42552
What is 3450 (base 7) in base 6?
5500
What is 87 (base 16) in base 6?
343
-32056 (base 8) to base 12
-7892
Convert 478 (base 15) to base 4.
33311
What is -31787 (base 9) in base 16?
-5242
Convert -fe5b (base 16) to base 8.
-177133
Convert 4953 (base 14) to base 7.
52233
-1136 (base 13) to base 7
-10013
-1ab6 (base 14) to base 6
-34304
Convert 1632 (base 8) to base 6.
4134
What is 201222112 (base 3) in base 7?
60320
Convert 10111011 (base 3) to base 6.
15434
-31210 (base 7) to base 2
-1110111100011
Convert 17 (base 16) to base 6.
35
Convert -116662 (base 7) to base 16.
-5464
What is -7a2 (base 14) in base 10?
-1514
Convert -b1 (base 16) to base 14.
-c9
Convert 5914 (base 14) to base 16.
3c8e
What is 35368 (base 9) in base 7?
125621
-542 (base 6) to base 13
-12b
Convert -536 (base 12) to base 6.
-3310
Convert -2c5 (base 14) to base 11.
-474
What is 94a (base 13) in base 7?
4421
Convert -70c (base 13) to base 8.
-2253
-2e4 (base 15) to base 14
-356
What is 32023 (base 5) in base 13?
c86
What is -20030 (base 5) in base 4?
-103301
Convert -14750 (base 9) to base 4.
-2131221
What is -1683 (base 9) in base 13?
-783
What is -1001010010 (base 2) in base 7?
-1506
3814 (base 9) to base 16
b20
-33422 (base 6) to base 4
-1021112
What is -b035 (base 12) in base 3?
-222010112
Convert -137471 (base 8) to base 4.
-23330321
15323 (base 7) to base 2
1000010111000
132 (base 4) to base 5
110
What is 3b6 (base 16) in base 12?
672
254345 (base 6) to base 14
8573
What is -10210200 (base 3) in base 4?
-223110
What is -b019 (base 14) in base 15?
-8e3c
What is 5322 (base 9) in base 3?
12100202
What is 61045 (base 7) in base 10?
14782
1204212 (base 5) to base 6
251504
Convert -c6 (base 14) to base 12.
-126
Convert 608 (base 13) to base 9.
1355
-2186 (base 10) to base 3
-2222222
What is -36 (base 15) in base 7?
-102
What is 351 (base 6) in base 4?
2023
Convert 3172 (base 8) to base 3.
2021102
Convert 11110001010110 (base 2) to base 13.
7